greatest common divisor of 24504 and 631067848?
8168
What is the highest common factor of 209967 and 16905?
69
Calculate the greatest common divisor of 107362080 and 40320.
10080
What is the highest common divisor of 73837155 and 210?
105
Calculate the highest common divisor of 166 and 1757569322.
166
Calculate the greatest common divisor of 606320 and 7107035.
3445
Calculate the highest common divisor of 1246319094 and 642.
642
Calculate the highest common factor of 530 and 427637072.
106
What is the highest common divisor of 2874474 and 36?
18
Calculate the highest common divisor of 3441 and 14632155.
93
Calculate the greatest common divisor of 2438 and 5380482.
46
Calculate the greatest common divisor of 2264940 and 4365.
45
Calculate the highest common divisor of 186845880 and 3120.
1560
Calculate the highest common divisor of 255 and 21097085.
85
Calculate the greatest common divisor of 12 and 6519714.
6
What is the greatest common factor of 5321 and 92750351?
5321
What is the greatest common divisor of 308 and 524048?
28
Calculate the highest common divisor of 150359505 and 615.
615
Calculate the highest common divisor of 607575784 and 408.
136
What is the greatest common factor of 12 and 294423576?
12
What is the greatest common divisor of 320 and 562991200?
160
What is the highest common divisor of 13885 and 191757404?
2777
Calculate the highest common factor of 42 and 6857480.
14
Calculate the highest common factor of 70 and 25510.
10
What is the greatest common divisor of 105 and 75874665?
15
What is the greatest common factor of 670928413 and 214?
107
Calculate the highest common factor of 38886344 and 4.
4
What is the greatest common factor of 201 and 307375163?
67
Calculate the greatest common divisor of 7924863 and 26820.
447
Calculate the greatest common factor of 21757360 and 270.
10
Calculate the greatest common factor of 53 and 28835021.
53
What is the highest common factor of 228 and 395088?
12
Calculate the greatest common divisor of 1830 and 6542970.
30
What is the greatest common factor of 162 and 280666377?
81
Calculate the greatest common divisor of 121373 and 574.
7
Calculate the greatest common divisor of 45571462 and 1465.
293
What is the greatest common divisor of 57404919 and 429?
429
What is the greatest common divisor of 153374 and 90389?
221
What is the highest common divisor of 437 and 5115807?
19
Calculate the highest common divisor of 1287 and 57320901.
99
What is the greatest common factor of 121780768 and 736?
736
Calculate the greatest common factor of 6146 and 44401777.
3073
Calculate the highest common factor of 321210 and 323145.
1935
Calculate the highest common factor of 312 and 138692.
4
Calculate the greatest common divisor of 41691236 and 16.
4
Calculate the greatest common divisor of 25 and 113.
1
What is the highest common divisor of 2566726 and 4?
2
What is the highest common divisor of 2631420 and 20460?
660
Calculate the greatest common factor of 151267 and 210677.
457
Calculate the greatest common factor of 35449680 and 280.
280
What is the greatest common factor of 1323270 and 45762?
174
What is the greatest common factor of 17616252 and 83?
83
What is the highest common divisor of 32 and 354429312?
32
Calculate the greatest common factor of 4275 and 4819350.
1425
Calculate the highest common divisor of 1176972722 and 4526.
4526
What is the greatest common factor of 481561 and 66299?
397
What is the greatest common factor of 48 and 132142188?
12
Calculate the highest common factor of 14786095 and 140605.
305
What is the greatest common divisor of 11215 and 487062964?
2243
Calculate the highest common divisor of 24220475 and 675.
25
What is the greatest common factor of 1055549 and 5412?
11
Calculate the greatest common divisor of 352 and 282447.
11
Calculate the greatest common factor of 17036609 and 887.
887
What is the highest common factor of 2847143 and 3211?
169
Calculate the highest common divisor of 2205 and 40669461.
441
Calculate the highest common divisor of 3010 and 128828.
602
Calculate the highest common factor of 54842 and 12103952.
3226
What is the highest common divisor of 59893878 and 33?
33
What is the highest common divisor of 646 and 59859142?
34
Calculate the greatest common divisor of 101557 and 7433477.
2477
What is the greatest common divisor of 298 and 45507282?
298
What is the greatest common factor of 67488 and 1369824?
1824
Calculate the highest common factor of 348877 and 96389.
853
Calculate the greatest common factor of 38244964 and 492.
164
What is the highest common factor of 3446 and 7048793?
1723
What is the greatest common factor of 17661 and 8163239?
203
Calculate the highest common divisor of 2316839 and 35595.
791
Calculate the highest common factor of 7462 and 93152.
82
What is the highest common divisor of 657 and 74498763?
219
Calculate the greatest common divisor of 161796271 and 91.
91
Calculate the greatest common factor of 709331 and 301.
7
What is the greatest common divisor of 715 and 779512162?
143
What is the highest common factor of 597750 and 1097469?
2391
What is the greatest common divisor of 44 and 198388?
4
What is the greatest common divisor of 726 and 1587542?
22
Calculate the highest common factor of 102 and 2367301.
17
What is the highest common factor of 57786 and 20268?
6
Calculate the greatest common factor of 80712 and 850896.
1368
Calculate the greatest common factor of 29173606 and 28.
14
Calculate the highest common factor of 18998 and 805086388.
2714
Calculate the highest common factor of 5696 and 39362564.
356
What is the highest common factor of 31693 and 40016?
41
Calculate the highest common divisor of 110 and 6451.
1
Calculate the greatest common divisor of 12584 and 8157578.
3146
What is the greatest common divisor of 11390 and 6276359?
67
Calculate the highest common factor of 19956584 and 42704.
1256
Calculate the greatest common divisor of 156 and 3253107.
39
Calculate the highest common factor of 1300472 and 154922.
2182
What is the greatest common divisor of 101 and 61175498?
101
What is the greatest common factor of 1757605 and 36565?
355
Calculate the highest common divisor of 4636 and 1355908.
244
What is the highest common divisor of 230 and 323846210?
230
Calculate the greatest common divisor of 351 and 299221.
13
What is the greatest common factor of 2178400 and 70?
70
Calculate the highest common divisor of 5074898 and 1555.
311
What is the highest common divisor of 59156899 and 494?
19
Calculate the highest common divisor of 222 and 312762.
6
What is the greatest common divisor of 57 and 19962407?
19
Calculate the highest common factor of 245676 and 959108.
1388
Calculate the highest common factor of 158374008 and 702.
702
What is the highest common divisor of 2868 and 44854086?
1434
Calculate the greatest common factor of 7578 and 11262.
6
What is the highest common divisor of 181597 and 5525?
13
Calculate the highest common factor of 143576 and 32.
8
What is the highest common factor of 7740 and 181440?
180
What is the greatest common factor of 960 and 153324960?
480
What is the highest common factor of 66272 and 33896?
152
Calculate the greatest common factor of 344630 and 952380.
1430
What is the greatest common divisor of 406694 and 25800?
86
Calculate the highest common factor of 64 and 1091084.
4
Calculate the highest common factor of 62 and 38441984.
62
Calculate the greatest common divisor of 39 and 118986283.
13
What is the highest common divisor of 131700704 and 1216?
608
What is the highest common factor of 258518894 and 94?
94
Calculate the highest common divisor of 1237 and 648808974.
1237
What is the highest common factor of 113804 and 18492?
92
What is the highest common divisor of 6144 and 3269184?
192
What is the greatest common factor of 1418244 and 3066?
438
Calculate the highest common divisor of 108840876 and 552.
276
What is the highest common factor of 9040892 and 924?
28
What is the greatest common divisor of 6210128 and 96?
16
Calculate the highest common factor of 370773 and 260.
13
What is the highest common factor of 1671813 and 49621?
143
Calculate the greatest common factor of 4015298 and 28.
14
Calculate the greatest common divisor of 4575040 and 20032.
64
What is the g